 the prime factors of 76052?
2, 19013
List the prime factors of 10745758.
2, 5372879
List the prime factors of 1964948.
2, 107, 4591
List the prime factors of 2067446.
2, 967, 1069
What are the prime factors of 3979499?
3979499
What are the prime factors of 215577?
3, 17, 1409
What are the prime factors of 1626898?
2, 7, 13, 1277
List the prime factors of 11341047.
3, 23, 164363
List the prime factors of 560308.
2, 7, 20011
What are the prime factors of 437609?
239, 1831
What are the prime factors of 4935109?
673, 7333
List the prime factors of 23186119.
11, 769, 2741
What are the prime factors of 19660040?
2, 5, 491501
List the prime factors of 4980677.
13, 17, 31, 727
What are the prime factors of 10364?
2, 2591
What are the prime factors of 1184820?
2, 3, 5, 7, 13, 31
What are the prime factors of 315851?
315851
What are the prime factors of 2356260?
2, 3, 5, 173, 227
List the prime factors of 62019.
3, 2297
What are the prime factors of 118381?
23, 5147
List the prime factors of 15093404.
2, 31, 121721
List the prime factors of 1865979.
3, 207331
What are the prime factors of 3336952?
2, 417119
List the prime factors of 16150.
2, 5, 17, 19
List the prime factors of 10551517.
19, 197, 2819
What are the prime factors of 486304?
2, 7, 13, 167
List the prime factors of 1399370.
2, 5, 7, 19991
List the prime factors of 739434.
2, 3, 123239
List the prime factors of 99351.
3, 7, 19, 83
What are the prime factors of 36372?
2, 3, 7, 433
What are the prime factors of 4983400?
2, 5, 24917
What are the prime factors of 7383291?
3, 131, 18787
List the prime factors of 2670565.
5, 534113
List the prime factors of 21647828.
2, 229, 23633
What are the prime factors of 125854?
2, 62927
What are the prime factors of 159975?
3, 5, 79
What are the prime factors of 222276?
2, 3, 18523
List the prime factors of 3636333.
3, 44893
What are the prime factors of 11234370?
2, 3, 5, 7, 61, 877
List the prime factors of 10674473.
41, 167, 1559
What are the prime factors of 3478390?
2, 5, 53, 6563
What are the prime factors of 9750047?
2777, 3511
List the prime factors of 2298904.
2, 67, 4289
List the prime factors of 363461.
7, 137, 379
What are the prime factors of 3285724?
2, 13, 179, 353
What are the prime factors of 273827?
273827
What are the prime factors of 593545?
5, 118709
List the prime factors of 682362.
2, 3, 167, 227
List the prime factors of 8147336.
2, 23, 44279
What are the prime factors of 541047?
3, 13, 13873
What are the prime factors of 2632765?
5, 29, 67, 271
List the prime factors of 6309947.
7, 97, 9293
List the prime factors of 155727.
3, 11, 13
What are the prime factors of 91074?
2, 3, 43, 353
What are the prime factors of 19564?
2, 67, 73
What are the prime factors of 13825853?
13825853
What are the prime factors of 3907788?
2, 3, 137, 2377
What are the prime factors of 2432030?
2, 5, 243203
What are the prime factors of 252487?
163, 1549
What are the prime factors of 5298734?
2, 7, 461, 821
List the prime factors of 3926344.
2, 163, 3011
What are the prime factors of 982712?
2, 122839
List the prime factors of 1623181.
7, 461, 503
List the prime factors of 192883.
192883
List the prime factors of 412039.
412039
What are the prime factors of 3060727?
827, 3701
What are the prime factors of 61203?
3, 23, 887
What are the prime factors of 3454990?
2, 5, 7, 11, 641
What are the prime factors of 18378602?
2, 11, 835391
List the prime factors of 356524.
2, 7, 17, 107
What are the prime factors of 212387?
7, 30341
What are the prime factors of 148013?
148013
What are the prime factors of 3806073?
3, 422897
What are the prime factors of 146974?
2, 43, 1709
What are the prime factors of 34383?
3, 73, 157
What are the prime factors of 982601?
593, 1657
List the prime factors of 456259.
467, 977
List the prime factors of 3601484.
2, 17, 52963
List the prime factors of 205899.
3, 68633
List the prime factors of 1604106.
2, 3, 7, 29, 439
List the prime factors of 10882568.
2, 47, 103, 281
List the prime factors of 1026655.
5, 7, 29333
What are the prime factors of 1755760?
2, 5, 17, 1291
List the prime factors of 4858810.
2, 5, 11, 44171
What are the prime factors of 3033941?
3033941
List the prime factors of 3427668.
2, 3, 95213
What are the prime factors of 8890430?
2, 5, 889043
What are the prime factors of 49628?
2, 19, 653
What are the prime factors of 15901470?
2, 3, 5, 13, 13591
List the prime factors of 2819344.
2, 11, 83, 193
What are the prime factors of 690710?
2, 5, 17, 239
List the prime factors of 24591867.
3, 193, 42473
List the prime factors of 15626345.
5, 7, 63781
What are the prime factors of 48653?
11, 4423
List the prime factors of 10731860.
2, 5, 536593
What are the prime factors of 10124616?
2, 3, 157, 2687
What are the prime factors of 3370228?
2, 71, 11867
What are the prime factors of 351359?
351359
List the prime factors of 1699142.
2, 849571
List the prime factors of 5502058.
2, 19, 144791
List the prime factors of 820508.
2, 13, 31, 509
List the prime factors of 10687405.
5, 19, 31, 191
What are the prime factors of 8008914?
2, 3, 1334819
What are the prime factors of 9295742?
2, 4647871
List the prime factors of 350671.
173, 2027
What are the prime factors of 384344?
2, 107, 449
What are the prime factors of 25041706?
2, 12520853
List the prime factors of 25545551.
353, 72367
What are the prime factors of 22384784?
2, 17, 47, 103
What are the prime factors of 3538624?
2, 55291
List the prime factors of 8823835.
5, 23, 277
What are the prime factors of 387851?
199, 1949
List the prime factors of 645906.
2, 3, 83, 1297
List the prime factors of 133280.
2, 5, 7, 17
What are the prime factors of 16262058?
2, 3, 23, 117841
What are the prime factors of 217212?
2, 3, 23, 787
What are the prime factors of 9949321?
9949321
List the prime factors of 930127.
11, 7687
List the prime factors of 1244553.
3, 17, 23, 1061
What are the prime factors of 45739?
53, 863
List the prime factors of 22051956.
2, 3, 1837663
What are the prime factors of 21067408?
2, 149, 8837
List the prime factors of 466015.
5, 11, 37, 229
What are the prime factors of 22068?
2, 3, 613
List the prime factors of 2854030.
2, 5, 167, 1709
What are the prime factors of 4893095?
5, 978619
What are the prime factors of 5938088?
2, 13, 57097
What are the prime factors of 4838999?
11, 17, 113, 229
List the prime factors of 207176.
2, 19, 29, 47
List the prime factors of 1081778.
2, 17, 31817
What are the prime factors of 607934?
2, 43, 7069
List the prime factors of 354862.
2, 177431
List the prime factors of 18491565.
3, 5, 1232771
List the prime factors of 23298.
2, 3, 11, 353
What are the prime factors of 108712?
2, 107, 127
What are the prime factors of 414194?
2, 11, 67, 281
List the prime factors of 28689776.
2, 1229, 1459
List the prime factors of 8631965.
5, 101, 17093
What are the prime factors of 1077180?
2, 3, 5, 13, 1381
List the prime factors of 397552.
2, 24847
What are the prime factors of 31676?
2, 7919
What are the prime factors of 5881384?
2, 735173
What are the prime factors of 156122?
2, 251, 311
What are the prime factors of 17222300?
2, 5, 172223
List the prime factors of 255252.
2, 3, 89, 239
List the prime factors of 7426827.
3, 825203
List the prime factors of 175792.
2, 10987
What are the prime factors of 2240432?
2, 31, 4517
List the prime factors of 482792.
2, 29, 2081
What are the prime factors of 753562?
2, 577, 653
List the prime factors of 173435.
5, 34687
What are the prime factors of 740757?
3, 246919
What are the prime factors of 303920?
2, 5, 29, 131
What are the prime factors of 1514829?
3, 504943
List the prime factors of 590771.
590771
What are the prime factors of 3144787?
83, 37889
What are the prime factors of 809725?
5, 7, 661
List the prime factors of 6056762.
2, 383, 7907
List the prime factors of 3245514.
2, 3, 31, 17449
What are the prime factors of 28601262?
2, 3, 176551
What are the prime factors of 1305495?
3, 5, 67, 433
What are the prime factors of 1090637?
23, 47419
List the prime factors of 4317724.
2, 1079431
What are the prime factors of 3317175?
3, 5, 23, 641
List the prime factors of 75742.
2, 37871
List the prime factors of 610317.
3, 17, 3989
What are the prime factors of 431862?
2, 3, 167, 431
What are th